99
List the prime factors of 784070.
2, 5, 7, 23, 487
List the prime factors of 1517446.
2, 7, 283, 383
What are the prime factors of 3484829?
3484829
List the prime factors of 301715.
5, 60343
List the prime factors of 4995941.
4995941
List the prime factors of 533693.
533693
What are the prime factors of 422161?
17, 19, 1307
What are the prime factors of 3828648?
2, 3, 67, 2381
What are the prime factors of 118985?
5, 53, 449
What are the prime factors of 1408117?
353, 3989
What are the prime factors of 2797920?
2, 3, 5, 29, 67
List the prime factors of 8988410.
2, 5, 17, 37, 1429
List the prime factors of 21031866.
2, 3, 389479
What are the prime factors of 13041400?
2, 5, 197, 331
What are the prime factors of 295152?
2, 3, 11, 13, 43
List the prime factors of 128023.
7, 18289
List the prime factors of 21138978.
2, 3, 7, 23, 79, 277
What are the prime factors of 17935?
5, 17, 211
List the prime factors of 13935195.
3, 5, 309671
What are the prime factors of 2020906?
2, 47, 21499
What are the prime factors of 8248270?
2, 5, 73, 11299
What are the prime factors of 8491032?
2, 3, 11, 71, 151
What are the prime factors of 204163?
204163
What are the prime factors of 11312185?
5, 2262437
List the prime factors of 18757554.
2, 3, 1511, 2069
What are the prime factors of 196781?
13, 15137
List the prime factors of 230614.
2, 67, 1721
What are the prime factors of 5963206?
2, 179, 16657
What are the prime factors of 201224?
2, 25153
What are the prime factors of 287160?
2, 3, 5, 2393
List the prime factors of 243391.
243391
What are the prime factors of 9018253?
1049, 8597
What are the prime factors of 17226548?
2, 139, 30983
What are the prime factors of 4003800?
2, 3, 5, 6673
List the prime factors of 261538.
2, 130769
What are the prime factors of 13111914?
2, 3, 443, 4933
List the prime factors of 5124837.
3, 17, 23, 257
List the prime factors of 16843.
16843
What are the prime factors of 268950?
2, 3, 5, 11, 163
What are the prime factors of 1047220?
2, 5, 52361
What are the prime factors of 17607196?
2, 4401799
List the prime factors of 461718.
2, 3, 113, 227
What are the prime factors of 411834?
2, 3, 68639
List the prime factors of 240737.
7, 17
List the prime factors of 277030.
2, 5, 13, 2131
List the prime factors of 15339913.
15339913
What are the prime factors of 356288?
2, 19, 293
List the prime factors of 2353503.
3, 784501
List the prime factors of 79392.
2, 3, 827
What are the prime factors of 418481?
7, 191, 313
List the prime factors of 5036363.
281, 17923
List the prime factors of 9097.
11, 827
List the prime factors of 490245.
3, 5, 7, 23, 29
List the prime factors of 2550833.
17, 181, 829
What are the prime factors of 1467959?
19, 77261
What are the prime factors of 773746?
2, 263, 1471
What are the prime factors of 250378?
2, 23, 5443
List the prime factors of 241838.
2, 120919
What are the prime factors of 2247946?
2, 1123973
What are the prime factors of 543613?
7, 77659
What are the prime factors of 8527655?
5, 79, 21589
What are the prime factors of 2560236?
2, 3, 7, 29, 1051
What are the prime factors of 396404?
2, 113, 877
List the prime factors of 1711615.
5, 19, 43, 419
List the prime factors of 8191871.
149, 54979
List the prime factors of 10117930.
2, 5, 23, 43991
What are the prime factors of 1186406?
2, 13, 45631
What are the prime factors of 185625?
3, 5, 11
List the prime factors of 342558.
2, 3, 19031
What are the prime factors of 77316?
2, 3, 17, 379
What are the prime factors of 10610244?
2, 3, 17, 5779
List the prime factors of 383186.
2, 41, 4673
What are the prime factors of 506564?
2, 126641
What are the prime factors of 415809?
3, 47, 983
What are the prime factors of 2428421?
37, 65633
List the prime factors of 8813125.
5, 59, 239
List the prime factors of 117599.
23, 5113
List the prime factors of 189923.
257, 739
What are the prime factors of 2272278?
2, 3, 378713
List the prime factors of 42709742.
2, 193, 110647
List the prime factors of 1003110.
2, 3, 5, 29, 1153
List the prime factors of 73629.
3, 101
List the prime factors of 12322759.
367, 33577
List the prime factors of 22091.
22091
What are the prime factors of 2480072?
2, 7, 67, 661
What are the prime factors of 88590?
2, 3, 5, 2953
List the prime factors of 1009343.
1009343
What are the prime factors of 432260?
2, 5, 21613
List the prime factors of 440401.
13, 19, 1783
List the prime factors of 52874.
2, 26437
List the prime factors of 1651914.
2, 3, 11, 103
What are the prime factors of 408996?
2, 3, 7, 541
What are the prime factors of 149775?
3, 5, 1997
What are the prime factors of 825797?
7, 19, 887
What are the prime factors of 452350?
2, 5, 83, 109
List the prime factors of 613565.
5, 41, 73
What are the prime factors of 1203420?
2, 3, 5, 31, 647
List the prime factors of 3273577.
1033, 3169
List the prime factors of 183838.
2, 17, 5407
What are the prime factors of 291520?
2, 5, 911
List the prime factors of 29565078.
2, 3, 4927513
List the prime factors of 539726.
2, 11, 24533
List the prime factors of 178119.
3, 733
List the prime factors of 212090.
2, 5, 127, 167
List the prime factors of 12082452.
2, 3, 23, 43777
List the prime factors of 24834.
2, 3, 4139
What are the prime factors of 1815837?
3, 191, 3169
List the prime factors of 648293.
648293
What are the prime factors of 292959?
3, 43, 757
What are the prime factors of 113646?
2, 3, 13, 31, 47
What are the prime factors of 24645749?
67, 73, 5039
What are the prime factors of 4224?
2, 3, 11
What are the prime factors of 33517?
11, 277
List the prime factors of 1449139.
439, 3301
List the prime factors of 498713.
29, 593
List the prime factors of 10083326.
2, 11, 458333
What are the prime factors of 1310959?
13, 31, 3253
What are the prime factors of 232460?
2, 5, 59, 197
List the prime factors of 3843606.
2, 3, 13, 49277
List the prime factors of 4547163.
3, 1515721
What are the prime factors of 4905203?
53, 92551
What are the prime factors of 179208?
2, 3, 19, 131
List the prime factors of 104199.
3, 47, 739
What are the prime factors of 1819524?
2, 3, 7, 21661
What are the prime factors of 42311652?
2, 3, 31, 107, 1063
What are the prime factors of 39273401?
3187, 12323
List the prime factors of 1613071.
101, 15971
List the prime factors of 9512525.
5, 11, 34591
What are the prime factors of 565583?
565583
What are the prime factors of 5748415?
5, 101, 11383
What are the prime factors of 1077049?
191, 5639
List the prime factors of 1498630.
2, 5, 7, 79, 271
What are the prime factors of 25215?
3, 5, 41
List the prime factors of 86964.
2, 3, 7247
What are the prime factors of 65682?
2, 3, 41, 89
What are the prime factors of 3478434?
2, 3, 29, 19991
What are the prime factors of 2086853?
2086853
What are the prime factors of 7240357?
149, 48593
List the prime factors of 993924.
2, 3, 9203
List the prime factors of 1298125.
5, 31, 67
List the prime factors of 20870935.
5, 1361, 3067
What are the prime factors of 6662778?
2, 3, 23, 48281
List the prime factors of 3110820.
2, 3, 5, 139, 373
List the prime factors of 3853491.
3, 29, 44293
List the prime factors of 366043.
233, 1571
List the prime factors of 2002433.
277, 7229
List the prime factors of 9040994.
2, 4520497
List the prime factors of 115644.
2, 3, 23, 419
What are the prime factors of 2312475?
3, 5, 11, 2803
List the prime factors of 241183.
241183
List the prime factors of 4147952.
2, 43, 6029
What are the prime factors of 190800?
2, 3, 5, 53
What are the prime factors of 276973?
173, 1601
What are the prime factors of 11577919?
83, 139493
List the prime factors of 656821.
11, 29, 71
List the prime factors of 54354.
2, 3, 9059
What are the prime factors of 1468684?
2, 7, 52453
What are the prime factors of 13677?
3, 47, 97
List the prime factors of 159458.
2, 13, 6133
What are the prime factors of 364869?
3, 71, 571
What are the prime factors of 62020?
2, 5, 7, 443
List the prime factors of 193634.
2, 7, 13831
List the prime factors of 628795.
5, 67, 1877
List the prime factors of 2108914.
2, 1054457
List the prime factors of 271260.
2, 3, 5, 11, 137
What are the prime factors of 1806303?
3, 37, 16273
List the prime factors of 443600.
2, 5, 1109
List the prime factors of 836316.
2, 3, 13, 1787
List the prime 